t i be ((-30)/25)/((-2)/5). Suppose -i = -5*n - 4*g + 1, -4*n = 2*g - 8. Let u = 6 - n. What is the units digit of u?
2
Let i(l) = -l**3 + 5*l**2 + 3. Let v be i(5). Let a = -3 + v. Suppose a = 5*f - 4*f - 4. What is the units digit of f?
4
What is the units digit of (-2)/(-4) - (-134)/4?
4
Let g(b) = b**3 + 9*b**2 + 6*b + 10. Let h = -6 - 2. What is the tens digit of g(h)?
2
Suppose -1 + 6 = -w. What is the units digit of 6/(-30) + (-81)/w?
6
What is the tens digit of (-4 - (-668)/16)/(2/8)?
5
Suppose -7*u = -30 - 5. What is the units digit of u?
5
Let y(k) = -k**3 + 10*k**2 + k + 3. Let v be y(10). Let r(t) = t**3 - 14*t**2 + 17*t + 5. What is the tens digit of r(v)?
5
Suppose -5*y = -6*y + 46. What is the units digit of y?
6
Let j(k) = 2*k - 5. Let n be j(4). Suppose -2*d = -n*d + 11. Suppose -d = -z + 4. What is the tens digit of z?
1
Let r(k) = -k - 5. Let t be r(-6). Let w(z) = -12*z**2 - z + 1. Let d be w(t). Let x = d + 20. What is the units digit of x?
8
Let x = -32 + 59. What is the tens digit of x?
2
Let n = -26 + -4. Suppose -r - 5*b = -10*b + 7, -4*b - 2 = 3*r. What is the units digit of r/(-5) + (-108)/n?
4
Suppose -5*o + 4*g = -g - 35, -4*g = -3*o + 23. Suppose 0 = -2*h + o*d + 29, h - 6 = -4*d + 2. Let z = 25 - h. What is the units digit of z?
3
Let j(q) = q**2 + 5*q - 7. Let c be j(-6). Let d(t) = -4*t**3 + 2*t**2 + t. Let v be d(c). Suppose -1 = -v*p + 44. What is the units digit of p?
9
Let i(n) = n**3 - 6*n**2 - n + 5. Let f be i(6). Let a be (-7 + 7)/(-2 - f). Suppose a = 4*b + b - 115. What is the units digit of b?
3
What is the tens digit of ((-4 - 0) + 9)/(1/17)?
8
Let r = 3 - -1. Let c(z) = -5 + z**3 + 2*z**2 - 5*z**2 - 7*z - r*z**2. What is the units digit of c(8)?
3
Let k be (-142)/(-8) + 2/8. Let x = k + -6. What is the tens digit of x?
1
What is the tens digit of (-143)/(-6) + 14/84?
2
Let v(q) = 11*q**3 + q. Suppose -5 + 0 = -f, 2*f - 16 = a. Let y = 7 + a. What is the units digit of v(y)?
2
Suppose -6*u + u + 433 = -2*h, u = -5*h + 65. What is the units digit of u?
5
What is the tens digit of -1 + (2 - 3) + 62?
6
Let l = -11 + 10. What is the tens digit of 18 - l - -3 - 2?
2
Suppose -5*h + 13 = 3*m, 0 = 5*m - 4*h + 1 + 2. What is the units digit of m?
1
Suppose k - 5*l + 11 = -0*k, 2*k - 5*l + 2 = 0. What is the units digit of k?
9
Suppose 8 = 5*c + 4*t - 7, -3*c + 9 = -t. What is the units digit of c?
3
Suppose 5*j + 21 - 176 = -5*x, 0 = 5*j + 2*x - 161. What is the units digit of j?
3
Suppose 68 = 4*h - 36. What is the tens digit of h?
2
Let n(s) = -3*s - 4. Let r(p) = p**2 + 2*p + 1. Let c be r(-3). Suppose 2*z = z - c. What is the units digit of n(z)?
8
Suppose 0 = -3*a + 20 + 13. Suppose -a = -4*l + 5. What is the units digit of l?
4
Suppose -2*d + 4*d - 240 = 0. Suppose -k - 5*o + 75 = 0, 4*o - d = 3*k - 5*k. What is the units digit of k?
0
Let a = 96 - -83. What is the units digit of a?
9
Suppose 2*d - 10 = 6. Let j = 13 - d. What is the units digit of j?
5
Let s = 2 - 0. Suppose -3*d - 2*d - 6 = -s*k, -5*k - 4*d = -15. Suppose k*y - 4*y + 4 = 0. What is the units digit of y?
4
Let j = 9 + 2. Suppose 0*v + 4*v + 2*s = -6, -3*s = -4*v - 21. Let y = v + j. What is the units digit of y?
8
Let r be 1/(-1 - -2) + 2. Suppose 0 = -5*g - r*k - 20 - 24, -k = 5*g + 48. What is the units digit of (6/(-15))/(2/g)?
2
Let y be (-9)/27 - (-1)/3. Suppose 3*r - 26 - 55 = y. What is the units digit of r?
7
Let u(g) = 5*g**3 - 2*g**2 + 2*g - 2. Let j(t) = -6*t**3 + 3*t**2 - 2*t + 3. Let z(i) = -4*j(i) - 5*u(i). Let r = 8 - 11. What is the units digit of z(r)?
3
Suppose n - 6 = -16. Suppose -4*k - 20 = 0, 3*k = -4*f - 0*f + 241. What is the units digit of 4/n - f/(-10)?
6
Let n = 97 + -46. Suppose 2*b - 3 = -3*v + 12, n = 4*b - v. What is the tens digit of b?
1
Let y(u) = -u**3 - 4*u**2 + 4*u - 3. Let b be y(-5). Suppose 0 = b*d + 3 - 7. What is the units digit of d?
2
Let s be (-1251)/(-54) + 2/(-12). Suppose 5*x + g = -0*x + s, 0 = -2*g + 6. Suppose -3*d - 2*c - 2 + 4 = 0, -x*c - 24 = -d. What is the units digit of d?
4
Let r be (-144)/(-14) + (-8)/28. Let y(k) = -k**3 + 11*k**2 - 9*k - 1. What is the units digit of y(r)?
9
Let p(z) = z**3 + 9*z**2 + 9*z - 10. Let i be p(-7). Let j = i - 11. What is the tens digit of j?
1
Suppose -2*i + 2 = -0*t + 4*t, -3*t - 15 = -4*i. Let w = i - 1. Suppose -6*d = -w*d - 8. What is the units digit of d?
2
Let i be (28/12)/(1/3). Suppose n - 5*n + 8 = 0. Suppose -1 = -n*x + i. What is the units digit of x?
4
Let b = -12 + 4. Let o(h) = -h**3 - 9*h**2 - 12*h - 8. What is the units digit of o(b)?
4
Let z(c) = c**2 + 4*c. Let x be z(-4). Suppose k + 5*s - 9 = x, k - 2*s = 13 - 4. What is the units digit of 2/k - 88/(-9)?
0
Suppose 1 + 11 = 4*l. Suppose l*b - 21 = -3. What is the units digit of b?
6
Suppose -2*x - 1 + 5 = 0. Suppose -x*r = r + 24. Let o = -3 - r. What is the units digit of o?
5
Suppose -5*u + 5 + 40 = 0. What is the units digit of u?
9
Let s(x) be the first derivative of -x**2/2 + 4*x + 3. Let h = -10 + 3. What is the units digit of s(h)?
1
Suppose 0*x - 9 = 3*x. What is the units digit of (3 + 0)*(-8)/x?
8
Suppose -5*r = 4*u - 368, 2 - 94 = -u + 5*r. What is the tens digit of u?
9
Let i(z) = -z**3 - 5*z**2 + z - 3. Let j be i(-5). Let p = j + 9. What is the units digit of p?
1
Suppose -3*s = 2*i - 14, 3*i + 0*i + 7 = -s. Suppose 2*d = s - 0. Suppose -3*m + d*m - 3 = 0. What is the units digit of m?
3
Suppose 4*n - 5 = -1. Let o(s) = 9*s - 8*s - n - 3*s. What is the units digit of o(-1)?
1
Let q(i) = i - 5. Let h(w) = -w + 4. Let p(k) = 2*k - 5. Let v(g) = 3*h(g) + 2*p(g). Let z be v(6). What is the units digit of q(z)?
3
Suppose 3*g - 12 = 3*n, 4*g - 2*n - 14 = -0*n. Suppose 0 = j + g*j. Suppose -o + 6 = -j*o. What is the units digit of o?
6
Let d = 22 + -35. Let y = d - -31. What is the units digit of y?
8
Suppose 1 - 7 = -2*a. Suppose l = -a*l. Suppose l = -4*j + 18 + 10. What is the units digit of j?
7
What is the hundreds digit of (1 - (1 - -1)) + (198 - 3)?
1
Let h = 42 + -60. Let s = h + 20. What is the units digit of s?
2
Let y = 77 + -25. What is the tens digit of y?
5
Let f = 88 - 34. What is the units digit of f?
4
Let h(i) = -1 + 47*i**2 + 3*i - 4*i + 3*i. Let j be h(1). Suppose -4*k + j = -0*k. What is the tens digit of k?
1
Let h(g) = 2*g**2 + 2*g + 3. Let l be h(4). Suppose 15 - l = -n. Suppose -a - 17 = -5*q, 5*q + 5 = 4*a + n. What is the units digit of q?
3
Let t = 1 + -13. Let c be 8/2*9/t. What is the units digit of (-3)/2*10/c?
5
Suppose -5*f - 1383 = l - 5*l, 3*l + 4*f - 1076 = 0. What is the tens digit of l?
5
Let g(o) = o. Suppose 0 = -5*p + p + 2*w - 18, 5*p + w + 5 = 0. Let x(y) = 12. Let f(r) = p*g(r) - x(r). What is the units digit of f(-9)?
6
Suppose 4*c = 3*c - b + 1, 6 = -2*b. Suppose -3 - 9 = -c*t. What is the units digit of t?
3
Let g = 0 + 4. Suppose 0*w + 22 = 2*d - 4*w, 0 = -g*w - 8. What is the units digit of d?
7
What is the units digit of 17 - (-2 - (2 - 2))?
9
Suppose 3*k = -2*k - 25. Let u(q) = 3*q**2 + 2*q. Let o be u(-2). Let w = o + k. What is the units digit of w?
3
Suppose 4*o + 2*s = 4, -4*o + 2*s + 2 = 6. Suppose o = -u - u - 8. Let x = 13 - u. What is the units digit of x?
7
Let g = 44 - 28. Suppose -y = -2*i + 1, 2*i - 3*y + 7*y = g. Suppose n = i, -5*f + n = -9 - 24. What is the units digit of f?
7
Suppose 2*h - h = f + 7, 2*h = -4*f - 16. Suppose 1 = g - 3*a, a = h*g - 23 - 4. What is the tens digit of g?
1
Let q(g) = -g**2 - 8*g + 10. Let u(i) = -i**3 - 3*i**2 + 2*i - 3. Let h be (3/2)/(5/(-10)). Let m be u(h). What is the units digit of q(m)?
1
Let u be 4 + (1 + -1)/3. Suppose -4 - u = -4*k. Suppose -f + 30 = k*f. What is the units digit of f?
0
Let q = 190 - 122. Let c = q + -35. What is the tens digit of c?
3
Let g(q) = q**3 + q - 1. Let c be g(0). Let k = 11 - c. What is the units digit of k?
2
Let l be -100*(2 + (-13)/4). Suppose 4*k - l = -k. What is the units digit of k?
5
Let l(z) = -6*z - 2. Let q(u) = -31*u - 9. Let g(v) = 11*l(v) - 2*q(v). What is the tens digit of g(-7)?
2
Let y(m) be the second derivative of -m**3 + 3*m**2/2 - m. Let x be y(-4). What is the units digit of (-2 - 0)*x/(-6)?
9
Suppose -12*f + 5002 = 970. What is the hundreds digit of f?
3
Let z be -11 - -2*(-2 + 3). Let t = z - -13. Suppose -6